hat is g(5)?
6
Let y(l) = -8 + 2 - l + 2 + 6. Calculate y(2).
0
Suppose g = -2*a - 8, 6 = -3*g - 0. Let l(s) = s**2 + 6*s - 4. Give l(a).
-13
Let a(i) = -i**3 - 7*i**2 + i + 8. Let w = -1 - 6. Let o be a(w). Let y(c) = -4*c - 1. What is y(o)?
-5
Suppose 3 = 5*v - 12. Suppose -2*f - 5*u - v = -8, -2*u - 2 = 0. Let y(c) = -c**3 + 6*c**2 - 5*c - 5. Calculate y(f).
-5
Let t be 6/(-4) - (-55)/2. Let q = -23 + t. Let u(k) = -6*k**3 - 1 + 4*k**3 + 3*k**2 + k**3 - 2*k. What is u(q)?
-7
Let q be 2 - (-6)/3 - 2. Let y(h) = -h + 4. Let i be y(q). Let z(n) = -2*n + 2. What is z(i)?
-2
Let l(o) = 3*o + 2. Let v = -3 - -5. Suppose q + 2 = w, 5*q + 11 + 5 = v*w. Calculate l(q).
-10
Let j(d) be the third derivative of -d**4/24 + d**3/6 - 3*d**2. Calculate j(-5).
6
Let a(y) = -y - 9. Let t be (-2)/(-13) - 290/26 - -3. Determine a(t).
-1
Let m(y) = -y**3 - y**2 + 12. Suppose 5*s + 7 + 13 = 0. Let p be (-1 - -1)*(-2)/s. Determine m(p).
12
Let c(d) = -2*d - d**3 + 6*d**2 - 4*d + 0*d. Let t = 28 + -16. Let z be ((-5)/4)/((-3)/t). Determine c(z).
-5
Let y(j) = -j**2 - j - 1. Let s(q) = 4*q**2 - q + 6. Let r(u) = s(u) + 3*y(u). Calculate r(4).
3
Let t(c) = -c**3 - 5*c**2 - 3. Let m(x) be the third derivative of x**6/120 - x**5/10 - x**4/12 + 7*x**3/6 + 3*x**2. Let u be m(6). What is t(u)?
-3
Let s(p) = -15*p - p + 23*p - 3. What is s(3)?
18
Let z(r) be the third derivative of r**6/120 - r**5/10 + r**4/12 - r**3 - 18*r**2. Calculate z(6).
6
Let m = -7 + 12. Let x(g) = -10*g**3 - 5*g**2 - 7*g - 6. Let s(y) = y**3 + y**2 + y + 1. Let v(k) = m*s(k) + x(k). Calculate v(-1).
6
Let t be ((-50)/15)/(2/(-3)). Let a(y) = -y**2 + 4*y + 3. What is a(t)?
-2
Let v(c) = c**2 + 1. Let f(t) = 29*t**2 + 2*t + 2. Let g(m) = -f(m) + 3*v(m). Calculate g(1).
-27
Let s(a) = a + 4. Suppose 5*c + 55 = 5*m, -3*m + 0*m = c - 53. Let g be (12/(-8))/(6/m). Let l = 2 + g. What is s(l)?
2
Suppose 4*i - 1 = 7. Let k(w) = -8*w**3 + 0*w + 3*w - i*w. Determine k(1).
-7
Let i = 28 + -26. Suppose 0 = 2*n + i*n. Let g(m) = -m - 4 + 3 + 2*m**2 - m**2. Determine g(n).
-1
Let q(u) be the third derivative of u**5/30 + u**4/8 + u**3/2 + u**2. Determine q(-2).
5
Suppose 4*y - y = 0. Let s = -3 - -3. Let j(i) = 4*i - 2*i - 3 - i + s. Determine j(y).
-3
Let m(b) = -6*b**2 + b - 1. Suppose v - 6*v - 35 = 0. Let o(h) = 2*h**2 + 1 - 3*h + 16*h**2 + 2. Let f(a) = v*m(a) - 2*o(a). What is f(1)?
6
Let w be 2/4 - 49/14. Let j(n) = -4*n + 15. Let k(m) = -4*m + 16. Let r(s) = 7*j(s) - 6*k(s). Let f(h) = -5*h + 10. Let p(a) = 5*f(a) - 6*r(a). What is p(w)?
-1
Let g(l) = l**2 + 6*l - 1. Let y(m) = -2*m**2 - 7*m. Let s(b) = 3*g(b) + 2*y(b). Give s(3).
0
Suppose 0 = -5*g + g + 20. Let l(v) = -v**3 - 7*v**2 + 8*v + 2. Let d be l(-8). Let b(c) = 0*c**2 - 5*c**2 + 4*c**3 - d - 3*c**3 + 2*c. What is b(g)?
8
Let w(n) = 0*n**2 + n**2 + 2*n + 1 + n**2. Let m(y) = y**3 + 5*y**2 + y - 5. Let d be m(-4). Let f be 2/6 + d/(-3). Calculate w(f).
5
Let v(u) be the first derivative of u**4/12 + 4*u**3/3 + 2*u**2 - u + 6. Let a(i) be the first derivative of v(i). Determine a(-5).
-11
Let x be (-1)/(-4) + (-15)/(-4). Let c be 2/(-7) - 30/(-7). Let f(t) = -c*t + x*t + t + 4. What is f(0)?
4
Suppose 0 = l - 4, -2*a + 14 = -5*a + 5*l. Let g(n) = 3*n + n**3 - 6*n**a + 1 + 2*n - 4*n. Calculate g(6).
7
Let x(h) = h**2 + 3*h + 1. Let m be x(-4). Suppose n = -2*z + 4, -3*n + m*n = -2*z + 6. Let d(f) = 7*f**3 - 2*f**2 + 1. Give d(z).
6
Let a be (-10)/(-30) + (-2)/6. Let r(f) = -f**3 + f + 15. What is r(a)?
15
Suppose 3*d + 2*u = 4*d + 6, 3*u = -5*d + 35. Suppose -5*b - 6 = -d*b. Let g(h) = h**2 + 6*h + 2. Give g(b).
2
Let k(o) = -o**2 - 3*o. Let i(d) = -3*d**2 - 9*d. Let j be (44/6)/(8/12). Let u(b) = j*k(b) - 4*i(b). Give u(-5).
10
Let u(p) = -p**2 + p + 1. Let d be (1 + 1)*(-3 - 0). Let s = d - -9. Let g = s - 5. Give u(g).
-5
Suppose -t + 3*t = -2*d - 2, -d + 5*t - 19 = 0. Let v be (-2 - 2/d)*2. Let i = -6 - v. Let y(o) = -o**2 - 4*o + 1. What is y(i)?
4
Let u = -2 - -3. Let g(t) = 1 - u - 2 + 1. Let o(m) = m**3 - 4*m**2 + 4*m - 6. Let f(k) = 2*g(k) - o(k). Give f(3).
1
Let g = 15 + -12. Suppose 4*i = -p - 4, g*i = -0*i - 5*p - 3. Let v(r) = -8*r**3 + 2*r + 1. What is v(i)?
7
Suppose 2*b - 2*d - 10 = 0, 5*b + 4*d = 3 - 14. Let g be 5*(2 + 0 - b). Suppose -g*n = -6*n + 1. Let j(a) = -6*a**3 - a. Determine j(n).
-7
Let z(c) be the third derivative of -c**4/8 - c**3/3 + c**2. Let k(n) = -n + 1. Let o be k(-1). Calculate z(o).
-8
Let j(k) be the second derivative of 0*k**2 - 1/120*k**5 - 1/3*k**3 - 1/12*k**4 + 0 - 2*k. Let x(m) be the second derivative of j(m). Determine x(-5).
3
Let f(s) = 2*s. Let j be f(-1). Let g(p) = -7*p + 2. Let u(h) = -6*h + 1. Let d be -3*(-3)/6*2. Let q(r) = d*u(r) + j*g(r). Give q(-2).
7
Let n(j) = 0*j**2 - j**2 + 594*j - 594*j. What is n(2)?
-4
Let j(g) = 1 + g**3 - g**2 - g**3 + g**3 - 2*g**3. Let m(a) = a**2 - 4*a + 1. Let h = 1 - -3. Let d be m(h). What is j(d)?
-1
Let w(u) be the first derivative of -u**5/60 - u**4/6 - u**3/3 - 2. Let s(j) be the third derivative of w(j). Suppose 0 = -5*k - 27 + 7. Determine s(k).
4
Let l(j) = 9*j + 45. Let q(v) = 1. Let b(x) = -l(x) + 45*q(x). Let h be b(-1). Let g(n) = -h*n + 9*n + n**2 - 2. Determine g(2).
2
Let b = -70 - -66. Let o(g) = -g**2 - g + 4. Determine o(b).
-8
Suppose 3*l - 6 = -0*l. Suppose -4*n + p = -9*n - 29, 0 = l*n + 5*p + 7. Let j(h) = -46*h - 42*h - 2 - 6 + 87*h. Determine j(n).
-2
Let o(b) be the third derivative of -b**6/120 + b**4/12 - b**2. Determine o(-2).
4
Let y(f) = f**2 - 3*f + 1. Suppose 21 = 5*s + o, 6*o - 4 = -4*s + 2*o. Give y(s).
11
Let u(c) = c**2 - 4*c. Suppose -4*t - 4*w = -40, -2*t - 2*w = -t - 7. Suppose 4*d - t = 7, 0 = -2*r - 3*d + 23. Determine u(r).
0
Suppose -5*a = 5*g - 32 + 2, 2*g - 2 = 3*a. Let c(t) = t**2 - 2*t + 2. Determine c(a).
2
Let i(b) = 9*b**2 - 9*b**2 - 2*b**2 - 7*b**3 + 1. Suppose -d = -5*q + 1, 3*d - d = 2*q - 2. Give i(d).
6
Let u(c) = -2*c**2 - 3*c - 2. Let t = -53 - -51. Calculate u(t).
-4
Let a(i) = 2*i - 7. Suppose -7*m + 23 = -12. Determine a(m).
3
Suppose 3*p + 4*c - 27 = -5, 3*p + c = 10. Let r(h) = -5*h + 3. Give r(p).
-7
Let a = 15 - 13. Let w(s) = -s + 4*s**a + 4*s - 2*s + s**3 + 5. What is w(-4)?
1
Let j(f) = -4*f + 4. Let n = 25 + -21. Suppose -5*r = 2*y - 17, n*y + 2 = 4*r - 6. What is j(r)?
-8
Let h(y) = -4*y**2 + 2*y. Let c(m) = 63*m**2 - 33*m. Let n(w) = -2*c(w) - 33*h(w). Calculate n(1).
6
Let v(a) = -5*a + 2. Let x(z) = -z + 1. Let w(l) = v(l) - 3*x(l). Determine w(2).
-5
Let i be (1/2)/(1/8). Suppose v = 2*v + i. Let t(h) be the first derivative of h**3/3 + 2*h**2 + 3*h + 67. Calculate t(v).
3
Let h(v) be the second derivative of -v**3/6 + v**2 - 12*v. What is h(1)?
1
Let m(w) = 10*w - 54. Let k be m(6). Let l(q) = -q**2 + 4*q + 7. What is l(k)?
-5
Suppose 4*y - 5*g + 21 = -0*g, 0 = 3*g - 3. Let k(r) = -r**3 - 5*r**2 - 2*r + 3. Calculate k(y).
-5
Suppose -a - 35 = 5*n, a - 3*a = -n - 18. Let d be ((-10)/4)/((-4)/n). Let v(p) = p**3 + 6*p**2 + 6*p + 3. Calculate v(d).
-2
Let f(x) be the second derivative of x**3/3 + x**2/2 + 9*x. Determine f(-4).
-7
Suppose j - 3*j - 18 = 0. Let y = j + 15. Let s(t) = -t**2 + 5*t + 3. Give s(y).
-3
Suppose -2*b + 4*j = -6, -8 = 5*b - j + 4. Let q(f) = -2*f**3 + f**2 - 3*f - 4. Let d(a) = -a**3 - a - 2. Let o(m) = -7*d(m) + 3*q(m). Determine o(b).
8
Let k be 25/((-25)/5)*2/(-10). Let q(u) be the second derivative of u**4/2 - u**3/6 + u. Give q(k).
5
Let r = -3 - 1. Let c(g) be the first derivative of -1 + 1/2*g**2 + 3*g. Determine c(r).
-1
Let u(x) = -5*x**3 - 2*x + 1. Let c be 12/3 + 1 - (-7 - -11). What is u(c)?
-6
Let u(v) be the first derivative of -v**3/3 - 9*v**2/2 - 8*v + 15. What is u(-8)?
0
Let d(g) = g**2 - 4*g - 8. Let x(v) = 2*v**2 - 2*v - 5*v**2 + 17 + 10*v. Let j(p) = 5*d(p) + 2*x(p). What is j(-4)?
-6
Suppose 1 = 3*u + 4. Let m(v) = -2*v. Let r(z) = 14*z + 1. Let s(o) = 4*m(o) + r(o). Calculate s(u).
-5
Let f(w) = w**2 - 4*w. Let x be 3*(6/(-3) + 3). Suppose 10 = x*b - 2. Suppose 4*v + b = r - 16, 4*r + 5*v + 4 = 0. Give f(r).
0
Let r(z) = z**2 - 11*z + 13. Let x be r(10). Let k(u) = u**3 - 2*u**2 + 4. Calculate k(x).
13
Let j(t) = -t - 2. Let s be j(-6). Suppose -p = -3*u, 3*p + s = 2*u - 3. Let y(l) = 2 + 22*l**3 + 0 + 4*l**2 + 5*l - 21*l**3 + 2. Calcu